 + 54. What is k(-23)?
8
Let w(z) = 47*z + 332. Give w(-4).
144
Let s(h) = -2*h**2 + 19*h + 234. Calculate s(-12).
-282
Let y(m) = 3*m**3 - 14*m**2 + 34*m - 24. Calculate y(6).
324
Let r(h) = -22*h - 671. Determine r(-30).
-11
Let q(w) = -2*w**2 + 33*w + 63. Determine q(18).
9
Let k(x) = -76*x + 2501. Determine k(34).
-83
Let j(n) = n**3 + 17*n**2 + 35*n - 10. Calculate j(-15).
-85
Let b(o) = -7*o**2 + 112*o - 21. Determine b(16).
-21
Let y(t) = -2*t**2 + 37*t - 186. Determine y(15).
-81
Let c(z) = -3*z**2 - 23*z + 38. Calculate c(-8).
30
Let s(f) = f**3 + 5*f**2 + 23*f + 108. What is s(-5)?
-7
Let z(n) = -n**3 - 55*n**2 + 357*n - 548. Give z(-61).
1
Let s(y) = -39*y - 543. What is s(-13)?
-36
Let b(n) = 10*n**2 - 27*n + 26. Determine b(0).
26
Let p(r) = 61*r**2 - 45*r + 43. Give p(1).
59
Let f(d) = 3*d**2 - 19*d + 40. Give f(7).
54
Let j(y) = 37*y**3 - y**2 - 15*y + 27. Determine j(2).
289
Let h(p) = 422*p + 3390. Calculate h(-8).
14
Let n(v) = -v**3 - 28*v**2 - 177*v - 136. What is n(-8)?
0
Let l(g) = -g**3 + 17*g**2 - 68*g - 7. Calculate l(7).
7
Let m(l) = l**2 + 17*l - 92. Determine m(-22).
18
Let n(y) = y**3 + 7*y**2 + 68*y + 451. Determine n(-7).
-25
Let c(i) = -2*i**2 - i + 83. Calculate c(-8).
-37
Let a(c) = 2*c**3 - 26*c**2 + c + 2. Determine a(5).
-393
Let u(k) = -4*k**2 - 50*k - 100. Calculate u(-8).
44
Let n(o) = 163*o - 875. Determine n(5).
-60
Let m(y) = -6*y**2 - 65*y - 58. Calculate m(-9).
41
Let h(b) = -b**2 + 29*b - 32. Determine h(28).
-4
Let u(w) = w**2 - 3932*w - 63164. Give u(-16).
4
Let v(o) = -1095*o + 1096. What is v(1)?
1
Let k(h) = -6*h**2 + 42*h - 14. Calculate k(5).
46
Let d(r) = r**2 - 434*r + 2562. Calculate d(6).
-6
Let p(k) = k**3 - 6*k**2 + 15*k - 14. Give p(3).
4
Let i(o) = 2*o**2 + 26*o - 91. Determine i(5).
89
Let z(n) = 1345*n - 84743. Give z(63).
-8
Let m(z) = -124*z**2 + 741*z + 17. Calculate m(6).
-1
Let b(w) = 10*w**2 - 276*w - 714. What is b(30)?
6
Let b(d) = 21*d - 1351. What is b(64)?
-7
Let t(f) = 2*f**3 + 19*f**2 - 21*f + 44. What is t(-11)?
-88
Let s(h) = -h**3 - 14*h**2 - 5*h - 4. Give s(-6).
-262
Let x(j) = 417*j - 27525. What is x(66)?
-3
Let c(i) = 693*i - 9019. Determine c(13).
-10
Let q(k) = k**2 - 16*k - 461. Determine q(31).
4
Let w(f) = -f**3 - 38*f**2 + 81*f - 51. Calculate w(-40).
-91
Let w(z) = 8*z - 4. Calculate w(-9).
-76
Let o(n) = n**3 - 9*n**2 - 6*n + 28. Calculate o(8).
-84
Let n(t) = -1571*t + 11004. What is n(7)?
7
Let p(y) = y**3 + 4*y**2 + 31*y + 169. Determine p(-5).
-11
Let a(u) = -151*u + 1520. Give a(10).
10
Let g(l) = 2*l**2 + 65*l + 50. Calculate g(-24).
-358
Let q(u) = 85*u**3 - u**2 + 5*u - 5. Give q(1).
84
Let w(o) = 326*o + 1334. What is w(-4)?
30
Let n(g) = 22*g**3 - 53*g**2 + 49*g + 4. Calculate n(1).
22
Let k(w) = 69*w + 348. What is k(-5)?
3
Let s(a) = a**2 - 14*a - 8. Give s(15).
7
Let o(v) = v**3 + 3*v**2 - 12*v + 9. Calculate o(4).
73
Let m(w) = w**3 - w**2 - 9*w + 19. Determine m(6).
145
Let k(h) = -2*h**3 - 66*h**2 + 20*h + 662. Give k(-33).
2
Let v(j) = j**3 + 7*j**2 - 55*j - 300. What is v(-5)?
25
Let y(x) = 344*x + 3783. What is y(-11)?
-1
Let w(c) = -425*c - 45045. Calculate w(-106).
5
Let i(w) = -4*w + 75. What is i(-12)?
123
Let l(i) = i**2 - 100*i + 2372. Give l(60).
-28
Let u(i) = -12*i**2 - 28*i - 1. What is u(-6)?
-265
Let v(l) = -45*l**2 + 1803*l - 86. What is v(40)?
34
Let w(y) = 201*y + 213. Determine w(-1).
12
Let p(k) = -484*k - 44515. Determine p(-92).
13
Let g(i) = -i**2 - 68*i + 291. What is g(-72)?
3
Let x(b) = -62*b**2 - 1122*b - 88. Calculate x(-18).
20
Let n(a) = -33*a + 5420. Calculate n(164).
8
Let n(y) = -16*y**2 + 3195*y + 986. Determine n(200).
-14
Let k(t) = 5*t + 38. What is k(-8)?
-2
Let h(u) = -u**3 + 5*u**2 + 5*u + 43. What is h(-5)?
268
Let b(r) = -r**3 - 7*r**2 - 20*r - 97. Determine b(-6).
-13
Let x(r) = -3*r**2 - 451*r + 1374. Give x(3).
-6
Let z(o) = 58*o + 875. What is z(-15)?
5
Let z(g) = g**3 + 12*g**2 + 2767*g + 39128. Calculate z(-14).
-2
Let i(w) = -4*w**2 + 31*w + 385. Determine i(-9).
-218
Let h(l) = 3*l**3 - 67*l**2 - 57*l + 65. Calculate h(23).
-188
Let b(c) = -41*c + 67. Determine b(0).
67
Let w(m) = -m + 162. Calculate w(6).
156
Let b(z) = -128*z - 64. Give b(-3).
320
Let r(w) = -54*w + 291. What is r(6)?
-33
Let v(a) = a**2 + 34*a - 160. Calculate v(-17).
-449
Let s(m) = 30*m - 487. Determine s(13).
-97
Let i(a) = a**3 + 7*a**2 + 6*a - 27. What is i(-8)?
-139
Let x(c) = -c**3 + 23*c**2 + 75*c + 33. What is x(26)?
-45
Let n(l) = 2*l**2 - 33*l - 162. What is n(-4)?
2
Let c(q) = -q**3 + 46*q**2 - 389*q + 48. Give c(35).
-92
Let d(y) = -98*y + 580. Give d(6).
-8
Let p(x) = x**3 + 58*x**2 + x + 27. Calculate p(0).
27
Let o(l) = -l**3 - 18*l**2 + 6*l - 23. Calculate o(-18).
-131
Let v(o) = 875*o - 6996. What is v(8)?
4
Let c(y) = -2*y**3 - 94*y**2 + 98*y + 84. Give c(-48).
-12
Let t(f) = -7*f**3 - 232*f**2 - 43*f - 324. What is t(-33)?
6
Let k(f) = f**2 + 37*f + 317. Determine k(-20).
-23
Let j(b) = -b**2 - 460*b - 12019. Determine j(-28).
77
Let t(c) = 2*c**2 - 589*c + 587. Calculate t(1).
0
Let u(c) = -30*c - 324. Give u(-11).
6
Let x(u) = 7*u**3 + 42*u**2 + 41*u - 1. What is x(-1)?
-7
Let t(z) = -z**2 + 140*z - 3607. Calculate t(106).
-3
Let c(d) = -d**2 - 5245*d - 36659. Determine c(-7).
7
Let u(k) = -k**3 + 12*k**2 + 82*k - 1029. What is u(11)?
-6
Let q(n) = -n**2 + 91*n - 471. Determine q(5).
-41
Let a(j) = j**2 + 187*j + 931. What is a(-5)?
21
Let h(j) = 11029*j - 132360. Calculate h(12).
-12
Let i(m) = 11*m - 128. Determine i(25).
147
Let i(t) = -394*t + 11827. Determine i(30).
7
Let b(i) = i**2 - 70*i + 1200. Determine b(31).
-9
Let p(v) = -1457*v - 1464. Determine p(-1).
-7
Let n(w) = -w**3 - 24*w**2 - 88*w - 14. What is n(-4)?
18
Let q(r) = 12*r - 261. What is q(25)?
39
Let s(a) = 8*a**2 + 129*a + 488. What is s(-6)?
2
Let m(o) = 311*o - 29552. What is m(95)?
-7
Let l(g) = -g**3 - 155*g**2 + 465*g - 12. Determine l(3).
-39
Let m(c) = -c**2 + 23*c - 108. What is m(17)?
-6
Let q(c) = c**3 - 5*c**2 + 1113*c - 3317. Determine q(3).
4
Let s(b) = -3*b**3 - 46*b**2 + 35*b - 8. Calculate s(-16).
-56
Let w(s) = -s**3 - 107*s**2 - 1808*s - 39. What is w(-21)?
3
Let u(s) = 4*s**2 - 532*s - 6327. Give u(144).
9
Let s(f) = -62*f - 4447. Calculate s(-72).
17
Let n(r) = -24*r - 124. What is n(-5)?
-4
Let d(l) = -4*l + 21. What is d(-6)?
45
Let q(z) = 3*z**2 + 55*z - 63. Calculate q(-13).
-271
Let z(a) = a**2 - 8*a - 1018. What is z(36)?
-10
Let n(b) = b**2 + 63*b + 40. Calculate n(-62).
-22
Let q(v) = 94*v**2 - 4*v - 1. Calculate q(0).
-1
Let k(b) = -6*b**2 - 37*b + 251. Give k(5).
-84
Let s(i) = -2*i**2 + 277*i - 551. What is s(2)?
-5
Let q(t) = -11*t**3 + 2*t**2 - 2*t + 1. What is q(1)?
-10
Let s(q) = 3*q**2 - 24*q - 92. Give s(-3).
7
Let y(p) = -13*p**2 + 2258*p - 1577. Give y(173).
-20
Let o(s) = -5831*s + 64157. Determine o(11).
16
Let n(m) = 70*m + 5388. Give n(-77).
-2
Let p(c) = -2*c**3 - 11*c**2 - 142*c - 678. Give p(-5).
7
Let d(f) = -235*f - 29805. Determine d(-127).
40
Let y(f) = 133*f + 2226. Calculate y(-17).
-35
Let g(x) = 2*x**2 + 1066*x - 5343. Give g(5).
37
Let s(i) = -i**3 + 43*i**2 + i + 1895. Give s(44).
3
Let f(l) = -17*l**2 - 261*l + 108. What is f(-16)?
-68
Let c(v) = v**2 + 773*v + 70133. What is c(-105)?
-7
Let q(n) = 248*n + 46622. Give q(-188).
-2
Let y(s) = s**3 + 4*s**2 - 203*s - 408. Calculate y(-2).
6
Let b(x) = -x**2 - 3376*x - 8. Determine b(0).
-8
Let y(m) = 630*m + 2726. Determine y(-4).
206
Let o(k) = k**3 - 64*k**2 - 150*k + 1151. What is o(66)?
-37
Let a(k) = -67*k + 1263. Give a(19).
-10
Let t(n) = -n**3 - 17*n**2 - 22*n - 13. Calculate t(-16).
83
Let a(y) = -54*y - 22. Calculate a(-2).
86
Let v(f) = -4*f**2 - 76*f - 140. What is v(-17)?
-4
Let b(s) = s**3 - 9*s**2 - 319*s + 1993. Determine b(6).
-29
Let q(k) = -3*k**2 - 181*k - 730. Determine q(-56).
-2
Let g(l) = l**3 - 15*l**2 - 507*l + 332. Calculate g(31).
-9
Let n(o) = 1736*o - 1716. Calculate n(1).
20
Let o(c) = c**3 - 20*c + 152. What is o(-7)?
-51
Let g(c) = -c**3 - 11*c**2 - 42*c - 24. Calculate g(-6).
48
Let t(h) = h**3 - 16*h**2 - 4*h - 135. Determine t(15).
-420
Let n(g) = -g**3 - 37*g**2 - 22*g - 126. Give n(-36).
-630
Let x(n) = -4*n**2 - 66*n - 61. Determine x(-15).
29
Let h(t) = t**3 + 13*t**2 + 30*t + 216